the tens digit of 97?
9
What is the tens digit of 80688?
8
What is the ten thousands digit of 21127?
2
What is the tens digit of 42109?
0
What is the units digit of 61754?
4
What is the tens digit of 2428?
2
What is the thousands digit of 132192?
2
What is the units digit of 1688?
8
What is the units digit of 1359?
9
What is the units digit of 24505?
5
What is the thousands digit of 3958?
3
What is the thousands digit of 5678?
5
What is the hundreds digit of 80259?
2
What is the hundreds digit of 744?
7
What is the tens digit of 1045?
4
What is the tens digit of 1104?
0
What is the tens digit of 7414?
1
What is the tens digit of 2052?
5
What is the thousands digit of 26166?
6
What is the units digit of 1169?
9
What is the hundreds digit of 432?
4
What is the units digit of 451?
1
What is the tens digit of 11674?
7
What is the tens digit of 166?
6
What is the ten thousands digit of 34859?
3
What is the units digit of 24726?
6
What is the hundreds digit of 619?
6
What is the tens digit of 1756?
5
What is the thousands digit of 1500?
1
What is the tens digit of 2675?
7
What is the tens digit of 775?
7
What is the tens digit of 154019?
1
What is the hundreds digit of 3920?
9
What is the thousands digit of 1105?
1
What is the thousands digit of 1323?
1
What is the units digit of 19757?
7
What is the thousands digit of 1864?
1
What is the hundreds digit of 178?
1
What is the tens digit of 7514?
1
What is the hundreds digit of 1588?
5
What is the hundreds digit of 338?
3
What is the units digit of 21054?
4
What is the hundreds digit of 11522?
5
What is the thousands digit of 12690?
2
What is the ten thousands digit of 16078?
1
What is the tens digit of 23?
2
What is the tens digit of 2974?
7
What is the units digit of 3864?
4
What is the hundreds digit of 3365?
3
What is the hundreds digit of 1470?
4
What is the hundreds digit of 1694?
6
What is the tens digit of 1493?
9
What is the units digit of 4091?
1
What is the thousands digit of 35706?
5
What is the tens digit of 489?
8
What is the units digit of 4975?
5
What is the hundreds digit of 13711?
7
What is the tens digit of 940?
4
What is the tens digit of 17229?
2
What is the thousands digit of 21244?
1
What is the hundreds digit of 9400?
4
What is the hundreds digit of 13853?
8
What is the tens digit of 911?
1
What is the tens digit of 11117?
1
What is the tens digit of 2198?
9
What is the tens digit of 123814?
1
What is the units digit of 1002?
2
What is the units digit of 3131?
1
What is the thousands digit of 3455?
3
What is the tens digit of 1559?
5
What is the hundreds digit of 916?
9
What is the units digit of 31605?
5
What is the units digit of 151913?
3
What is the tens digit of 5898?
9
What is the tens digit of 69561?
6
What is the hundreds digit of 1017?
0
What is the hundreds digit of 474?
4
What is the hundreds digit of 7057?
0
What is the units digit of 79285?
5
What is the hundreds digit of 64844?
8
What is the thousands digit of 2849?
2
What is the units digit of 2033?
3
What is the hundreds digit of 911?
9
What is the hundreds digit of 589?
5
What is the hundreds digit of 129237?
2
What is the thousands digit of 52358?
2
What is the hundreds digit of 960?
9
What is the tens digit of 20430?
3
What is the tens digit of 1714?
1
What is the hundreds digit of 937?
9
What is the tens digit of 5543?
4
What is the tens digit of 41356?
5
What is the hundreds digit of 145?
1
What is the hundreds digit of 4128?
1
What is the hundreds digit of 2073?
0
What is the hundreds digit of 15662?
6
What is the thousands digit of 1322?
1
What is the tens digit of 923?
2
What is the units digit of 311?
1
What is the tens digit of 265?
6
What is the hundreds digit of 141510?
5
What is the units digit of 20359?
9
What is the hundreds digit of 2152?
1
What is the tens digit of 8913?
1
What is the units digit of 178605?
5
What is the units digit of 527?
7
What is the tens digit of 111022?
2
What is the hundreds digit of 13382?
3
What is the hundreds digit of 14435?
4
What is the thousands digit of 25212?
5
What is the thousands digit of 24236?
4
What is the thousands digit of 2722?
2
What is the tens digit of 7803?
0
What is the tens digit of 684?
8
What is the hundred thousands digit of 117113?
1
What is the tens digit of 1339?
3
What is the hundreds digit of 4108?
1
What is the ten thousands digit of 18974?
1
What is the thousands digit of 12813?
2
What is the tens digit of 4052?
5
What is the hundreds digit of 2124?
1
What is the units digit of 239?
9
What is the tens digit of 1585?
8
What is the units digit of 88712?
2
What is the units digit of 262?
2
What is the tens digit of 674?
7
What is the thousands digit of 1435?
1
What is the thousands digit of 40605?
0
What is the units digit of 9609?
9
What is the tens digit of 6179?
7
What is the hundreds digit of 229?
2
What is the hundred thousands digit of 120727?
1
What is the thousands digit of 4196?
4
What is the hundreds digit of 770?
7
What is the units digit of 6735?
5
What is the hundreds digit of 48828?
8
What is the hundreds digit of 673?
6
What is the thousands digit of 7007?
7
What is the hundreds digit of 28283?
2
What is the hundreds digit of 2265?
2
What is the thousands digit of 8940?
8
What is the tens digit of 68855?
5
What is the tens digit of 442?
4
What is the thousands digit of 2546?
2
What is the units digit of 227?
7
What is the hundreds digit of 4316?
3
What is the units digit of 272?
2
What is the tens digit of 68374?
7
What is the hundreds digit of 519?
5
What is the tens digit of 2080?
8
What is the tens digit of 104?
0
What is the hundreds digit of 29524?
5
What is the ten thousands digit of 44800?
4
What is the hundreds digit of 881?
8
What is the hundreds digit of 937?
9
What is the hundreds digit of 39023?
0
What is the thousands digit of 3122?
3
What is the thousands digit of 21150?
1
What is the tens digit of 45762?
6
What is the units digit of 163?
3
What is the ten thousands digit of 65777?
6
What is the hundreds digit of 9400?
4
What is the thousands digit of 60619?
0
What is the tens digit of 75510?
1
What is the thousands digit of 1345?
1
What is the units digit of 12805?
5
What is the tens digit of 2351?
5
What is the tens digit of 1131?
3
What is the tens digit of 1647?
4
What is the tens digit of 2431?
3
What is the hundred thousands digit of 149484?
1
What is the hundreds digit of 4456?
4
What is the tens digit of 29?
2
What is the tens digit of 307?
0
What is the thousands digit of 45397?
5
What is the units digit of 84493?
3
What is the tens digit of 192?
9
What is the units digit of 9645?
5
What is the hundreds digit of 587?
5
What is the units digit of 16681?
1
What is the units digit of 4644?
4
What is the hundreds digit of 39851?
8
What is the tens digit of 4311?
1
What is the thousands digit of 162977?
2
What is the ten thousands digit of 11445?
1
What is the units digit of 4295?
5
What is the units digit of 34043?
3
What is the tens digit of 883?
8
What is the hundreds digit of 12329?
3
What is the units digit of 21718?
8
What is the thousands digit of 45936?
5
What is the thousands digit of 1032?
1
What is the hundreds digit of 340?
3
What is the hundreds digit of 55123?
1
What is the hundreds digit of 21341?
3
What is the ten thousands digit of 62506?
6
What is the thousands digit of 1130?
1
What is the tens digit of 18480?
8
What is the thousands digit of 6387?
6
What is the tens digit of 117520?
2
What is the hundreds digit of 771?
7
What is the tens digit of 201?
0
What is the tens digit of 38722?
2
What is the tens digit of 2362?
6
What is the units digit of 44002?
2
What is the units digit of 4969?
9
What is the units digit of 33?
3
What is the thousands digit of 3140?
3
What is the thousands digit of 6328?
6
What is the units digit of 13344?
4
What is the units digit of 40945?
5
What is the tens digit of 1386?
8
What is the tens digit of 475?
7
What is the units digit of 30931?
1
What is the units digit of 4003?
3
What is the tens digit of 79961?
6
What is the tens digit of 33?
3
What is the tens digit of 4821?
2
What is the units digit of 57453?
3
What is the tens digit of 1115?
1
What is the thousands digit of 1262?
1
What is the units digit of 5563?
3
What is the units digit of 817?
7
What i